
2
What is the hundreds digit of 472?
4
What is the hundreds digit of 2113?
1
What is the hundreds digit of 5185?
1
What is the units digit of 24658?
8
What is the hundreds digit of 3083?
0
What is the thousands digit of 5877?
5
What is the hundreds digit of 1117?
1
What is the tens digit of 468?
6
What is the hundreds digit of 1057?
0
What is the hundreds digit of 2479?
4
What is the ten thousands digit of 29605?
2
What is the units digit of 49704?
4
What is the thousands digit of 5992?
5
What is the thousands digit of 5667?
5
What is the units digit of 3746?
6
What is the units digit of 5088?
8
What is the hundreds digit of 6119?
1
What is the ten thousands digit of 11722?
1
What is the tens digit of 592?
9
What is the tens digit of 2187?
8
What is the hundreds digit of 910?
9
What is the units digit of 8497?
7
What is the thousands digit of 1725?
1
What is the units digit of 820?
0
What is the ten thousands digit of 15809?
1
What is the thousands digit of 2692?
2
What is the thousands digit of 7943?
7
What is the hundreds digit of 1168?
1
What is the units digit of 15300?
0
What is the units digit of 324?
4
What is the units digit of 26892?
2
What is the units digit of 762?
2
What is the units digit of 258?
8
What is the thousands digit of 4306?
4
What is the thousands digit of 10774?
0
What is the hundreds digit of 1997?
9
What is the units digit of 532?
2
What is the units digit of 1865?
5
What is the tens digit of 7807?
0
What is the units digit of 9513?
3
What is the units digit of 91984?
4
What is the ten thousands digit of 39460?
3
What is the units digit of 1391?
1
What is the tens digit of 2001?
0
What is the thousands digit of 116906?
6
What is the tens digit of 1690?
9
What is the hundreds digit of 1168?
1
What is the ten thousands digit of 162816?
6
What is the hundreds digit of 671?
6
What is the thousands digit of 24953?
4
What is the tens digit of 3509?
0
What is the thousands digit of 10529?
0
What is the units digit of 29585?
5
What is the hundreds digit of 999?
9
What is the units digit of 1285?
5
What is the hundreds digit of 492?
4
What is the thousands digit of 3165?
3
What is the tens digit of 55474?
7
What is the thousands digit of 127791?
7
What is the ten thousands digit of 90198?
9
What is the units digit of 2069?
9
What is the thousands digit of 8665?
8
What is the units digit of 1017?
7
What is the units digit of 5257?
7
What is the units digit of 70979?
9
What is the tens digit of 4340?
4
What is the tens digit of 10628?
2
What is the tens digit of 128391?
9
What is the hundreds digit of 14100?
1
What is the ten thousands digit of 25632?
2
What is the thousands digit of 5528?
5
What is the units digit of 30527?
7
What is the units digit of 9?
9
What is the tens digit of 947?
4
What is the hundreds digit of 200?
2
What is the thousands digit of 4851?
4
What is the units digit of 1907?
7
What is the units digit of 14397?
7
What is the ten thousands digit of 66135?
6
What is the units digit of 2397?
7
What is the tens digit of 63947?
4
What is the hundreds digit of 5363?
3
What is the units digit of 3169?
9
What is the ten thousands digit of 25930?
2
What is the units digit of 13735?
5
What is the thousands digit of 5643?
5
What is the thousands digit of 20107?
0
What is the units digit of 529?
9
What is the units digit of 10435?
5
What is the units digit of 16760?
0
What is the units digit of 1995?
5
What is the hundreds digit of 19640?
6
What is the hundreds digit of 5550?
5
What is the tens digit of 288?
8
What is the units digit of 11750?
0
What is the ten thousands digit of 21105?
2
What is the units digit of 1482?
2
What is the hundreds digit of 9081?
0
What is the units digit of 581?
1
What is the tens digit of 7882?
8
What is the units digit of 375?
5
What is the hundreds digit of 2925?
9
What is the tens digit of 6946?
4
What is the tens digit of 969?
6
What is the tens digit of 1888?
8
What is the tens digit of 23630?
3
What is the ten thousands digit of 34025?
3
What is the units digit of 3007?
7
What is the tens digit of 1193?
9
What is the tens digit of 8572?
7
What is the ten thousands digit of 33847?
3
What is the units digit of 258?
8
What is the thousands digit of 1830?
1
What is the thousands digit of 27307?
7
What is the tens digit of 239?
3
What is the ten thousands digit of 13424?
1
What is the units digit of 2077?
7
What is the tens digit of 66927?
2
What is the ten thousands digit of 158945?
5
What is the tens digit of 127?
2
What is the tens digit of 813?
1
What is the units digit of 588?
8
What is the thousands digit of 1385?
1
What is the units digit of 83782?
2
What is the thousands digit of 1521?
1
What is the ten thousands digit of 10888?
1
What is the ten thousands digit of 22181?
2
What is the ten thousands digit of 51908?
5
What is the units digit of 43773?
3
What is the tens digit of 9046?
4
What is the hundreds digit of 4073?
0
What is the units digit of 273?
3
What is the tens digit of 35679?
7
What is the ten thousands digit of 53585?
5
What is the units digit of 48567?
7
What is the thousands digit of 5291?
5
What is the hundreds digit of 7009?
0
What is the thousands digit of 1899?
1
What is the ten thousands digit of 30834?
3
What is the thousands digit of 34972?
4
What is the units digit of 598?
8
What is the thousands digit of 5562?
5
What is the ten thousands digit of 21804?
2
What is the units digit of 60554?
4
What is the units digit of 1105?
5
What is the tens digit of 75442?
4
What is the hundreds digit of 15344?
3
What is the ten thousands digit of 18272?
1
What is the units digit of 5221?
1
What is the tens digit of 5905?
0
What is the tens digit of 54?
5
What is the hundreds digit of 120994?
9
What is the tens digit of 121537?
3
What is the thousands digit of 6709?
6
What is the thousands digit of 16699?
6
What is the thousands digit of 1470?
1
What is the units digit of 21106?
6
What is the thousands digit of 6866?
6
What is the units digit of 361?
1
What is the units digit of 1245?
5
What is the tens digit of 1138?
3
What is the thousands digit of 17005?
7
What is the thousands digit of 37860?
7
What is the thousands digit of 2594?
2
What is the thousands digit of 1808?
1
What is the tens digit of 3740?
4
What is the tens digit of 103302?
0
What is the hundreds digit of 752?
7
What is the thousands digit of 6524?
6
What is the thousands digit of 118787?
8
What is the units digit of 64657?
7
What is the units digit of 16808?
8
What is the tens digit of 304?
0
What is the hundreds digit of 1903?
9
What is the units digit of 17089?
9
What is the hundreds digit of 10682?
6
What is the thousands digit of 2554?
2
What is the units digit of 1148?
8
What is the thousands digit of 24368?
4
What is the tens digit of 708?
0
What is the thousands digit of 2045?
2
What is the ten thousands digit of 12867?
1
What is the ten thousands digit of 10491?
1
What is the tens digit of 66429?
2
What is the hundreds digit of 4499?
4
What is the hundreds digit of 821?
8
What is the tens digit of 1174?
7
What is the tens digit of 10632?
3
What is the tens digit of 307?
0
What is the units digit of 495?
5
What is the units digit of 156?
6
What is the tens digit of 16287?
8
What is the thousands digit of 98059?
8
What is the hundreds digit of 355?
3
What is the thousands digit of 36169?
6
What is the units digit of 641?
1
What is the thousands digit of 4746?
4
What is the thousands digit of 10802?
0
What is the ten thousands digit of 25379?
2
What is the units digit of 14275?
5
What is the thousands digit of 6442?
6
What is the thousands digit of 12804?
2
What is the tens digit of 49868?
6
What is the hundreds digit of 53061?
0
What is the tens digit of 752?
5
What is the tens digit of 142?
4
What is the hundreds digit of 19211?
2
What is the units digit of 3732?
2
What is the tens digit of 30853?
5
What is the tens digit of 729?
2
What is the units digit of 84305?
5
What is the thousands digit of 5618?
5
What is the thousands digit of 3387?
3
What is the thousands digit of 1044?
1
What is the hundreds digit of 1630?
6
What is the hundreds digit of 2692?
6
What is the ten thousands digit of 13215?
1
What is the units digit of 4542?
2
What is the tens digit of 14154?
5
What is the units di